mmon factor of 450 and 542070.
90
Calculate the highest common divisor of 1386 and 74592.
126
What is the highest common factor of 7911 and 12013?
293
Calculate the greatest common factor of 33 and 3929937.
33
Calculate the greatest common divisor of 236715 and 35.
5
Calculate the greatest common factor of 28 and 4039.
7
Calculate the greatest common factor of 107988 and 12.
12
What is the greatest common divisor of 4336 and 114736?
16
Calculate the greatest common divisor of 1817 and 805.
23
Calculate the greatest common divisor of 2529 and 1044.
9
What is the greatest common factor of 329 and 7357?
7
What is the greatest common factor of 14726 and 48158?
398
Calculate the highest common divisor of 16546 and 4.
2
Calculate the greatest common factor of 2552 and 901494.
638
Calculate the highest common factor of 4345 and 3555.
395
Calculate the greatest common factor of 4924 and 12.
4
Calculate the highest common divisor of 1219 and 1403.
23
What is the highest common factor of 20401 and 23?
23
Calculate the highest common factor of 313004 and 136.
68
What is the greatest common divisor of 589 and 32829?
31
Calculate the greatest common factor of 245 and 33761.
49
What is the highest common divisor of 8666 and 4207?
7
Calculate the highest common divisor of 2232 and 6192.
72
What is the greatest common divisor of 1701 and 189?
189
What is the greatest common divisor of 49569 and 4551?
123
Calculate the highest common factor of 117 and 858.
39
Calculate the highest common divisor of 427524 and 4002.
138
Calculate the highest common factor of 2041408 and 128.
64
Calculate the highest common divisor of 31743 and 63.
9
What is the greatest common factor of 136 and 3816?
8
Calculate the highest common divisor of 5445 and 3080.
55
What is the highest common divisor of 73110 and 125?
5
What is the highest common factor of 44145 and 810?
405
Calculate the greatest common divisor of 5 and 110665.
5
Calculate the highest common divisor of 605 and 20845.
55
What is the highest common divisor of 3402 and 581175?
567
What is the greatest common factor of 92579 and 172?
43
Calculate the highest common factor of 693 and 576.
9
What is the highest common divisor of 25 and 1025?
25
Calculate the highest common factor of 72 and 48942.
18
Calculate the greatest common divisor of 17733 and 24909.
69
Calculate the highest common factor of 98156 and 424.
212
What is the highest common divisor of 812 and 5516?
28
What is the highest common factor of 637 and 832?
13
What is the greatest common divisor of 106 and 44467?
53
What is the greatest common divisor of 254406 and 193722?
2334
Calculate the greatest common factor of 130758 and 3.
3
Calculate the greatest common factor of 3400 and 782.
34
Calculate the greatest common divisor of 75446 and 646.
34
What is the highest common factor of 2180 and 16600?
20
What is the highest common factor of 10336 and 73758?
38
Calculate the greatest common divisor of 853232 and 64.
16
What is the greatest common factor of 728 and 700?
28
What is the highest common divisor of 105 and 3815?
35
Calculate the greatest common divisor of 10 and 2992090.
10
Calculate the greatest common divisor of 11 and 12265.
11
Calculate the greatest common factor of 92 and 10189.
23
What is the greatest common divisor of 15 and 27543?
3
What is the highest common factor of 5040 and 21150?
90
What is the greatest common divisor of 315 and 15090?
15
Calculate the highest common divisor of 118647 and 108.
9
What is the greatest common divisor of 6480 and 5088?
48
What is the greatest common divisor of 274211 and 301?
301
Calculate the greatest common divisor of 1977 and 269531.
659
Calculate the highest common divisor of 46966 and 644.
46
What is the greatest common factor of 48 and 77016?
24
What is the highest common factor of 110 and 7124315?
55
What is the greatest common divisor of 6897 and 168?
3
Calculate the highest common divisor of 95 and 34181.
19
What is the greatest common divisor of 10 and 4918?
2
Calculate the greatest common factor of 348257 and 728.
91
What is the greatest common factor of 33636 and 204?
12
What is the greatest common factor of 96 and 3656?
8
What is the highest common factor of 7963701 and 51?
51
What is the highest common divisor of 152557 and 746?
373
Calculate the highest common divisor of 1600665 and 30.
15
What is the greatest common factor of 683242 and 111?
37
What is the highest common factor of 64 and 186944?
64
What is the greatest common factor of 72 and 81273?
3
What is the highest common factor of 24771 and 483?
69
What is the highest common divisor of 220 and 85690?
110
Calculate the greatest common factor of 768 and 223296.
192
Calculate the greatest common divisor of 110 and 187220.
110
What is the highest common factor of 540766 and 762?
254
What is the highest common factor of 405 and 55404?
81
What is the greatest common divisor of 12145582 and 34?
34
What is the greatest common factor of 46299 and 627?
33
Calculate the greatest common factor of 108 and 356508.
108
What is the highest common divisor of 376 and 40561?
47
What is the greatest common factor of 244 and 24522?
122
What is the greatest common factor of 240 and 193368?
24
What is the greatest common factor of 3535 and 2030?
35
What is the highest common factor of 256410 and 5940?
990
Calculate the greatest common factor of 588 and 9807.
21
What is the greatest common divisor of 2990 and 5132335?
1495
Calculate the highest common divisor of 1606262 and 7146.
794
What is the greatest common divisor of 2268 and 330624?
252
What is the highest common divisor of 9932 and 65?
13
What is the highest common divisor of 7574 and 32284?
14
What is the greatest common factor of 166430 and 170?
170
What is the highest common factor of 218 and 53519?
109
Calculate the highest common divisor of 5469725 and 2740.
685
What is the highest common divisor of 259 and 13?
1
Calculate the greatest common divisor of 23022 and 18.
18
What is the highest common factor of 248810 and 6950?
1390
What is the highest common factor of 98508 and 24?
12
Calculate the greatest common factor of 319 and 1073116.
319
Calculate the highest common factor of 618 and 87447.
309
What is the highest common factor of 3 and 120894?
3
What is the greatest common factor of 576 and 509976?
72
Calculate the highest common divisor of 174537 and 297.
99
What is the highest common factor of 392 and 757197?
49
Calculate the highest common factor of 575 and 8950.
25
Calculate the greatest common divisor of 30 and 39255.
15
Calculate the greatest common divisor of 472230 and 30.
30
What is the highest common divisor of 1222814 and 6728?
1682
Calculate the greatest common divisor of 45 and 91422.
9
What is the greatest common factor of 12255 and 105135?
645
What is the highest common divisor of 392 and 7032088?
392
Calculate the greatest common divisor of 189 and 1835022.
21
What is the highest common divisor of 142 and 7171?
71
Calculate the highest common divisor of 623130 and 960.
30
What is the greatest common factor of 1482 and 4712?
38
What is the greatest common factor of 41 and 166870?
41
What is the highest common factor of 6359120 and 58?
58
Calculate the greatest common divisor of 473 and 649429.
473
What is the highest common divisor of 88419 and 3?
3
What is the highest common factor of 117 and 212913?
9
What is the highest common factor of 153804 and 3752?
28
Calculate the highest common factor of 9075 and 1419.
33
What is the greatest common divisor of 22 and 947089?
11
What is the highest common factor of 6036 and 2846980?
2012
What is the greatest common factor of 6 and 451358?
2
Calculate the greatest common divisor of 331216 and 128.
16
Calculate the highest common divisor of 115 and 2265.
5
Calculate the greatest common divisor of 117 and 72696.
39
What is the greatest common divisor of 58 and 2323567?
29
Calculate the greatest common divisor of 1331 and 462.
11
What is the greatest common factor of 40 and 1035?
5
What is the greatest common divisor of 91926 and 3?
3
What is the greatest common divisor of 648 and 1273752?
216
What is the highest common divisor of 1476 and 740214?
738
Calculate the highest common divisor of 151 and 106757.
151
What is the highest common di